). Calculate the highest common divisor of v and 4.
4
Suppose 30*j - 24*j = 144. What is the greatest common divisor of 8 and j?
8
Let k(b) = -b**2 - 11*b + 6. Let u be k(-9). What is the highest common factor of u and 36?
12
Let d be 9 - -1*(2 + -1). Let a(w) = w**3 + 12*w**2 + 10*w - 7. Let u be a(-11). What is the highest common factor of u and d?
2
Suppose 2*s = -10, -5*c + 2*s - 5*s = -55. Let f = -9 + 23. What is the highest common divisor of f and c?
14
Let t(b) = 5*b. Let j be t(1). Let m be 12/15*j/2. Let d(s) = -s**3 + s**2 - s + 2. Let v be d(0). What is the highest common divisor of v and m?
2
Let k(n) = -n**2 - n - 6. Let c be k(-5). Let l = 7 - c. Calculate the highest common factor of 22 and l.
11
Suppose 5*a - 57 = i, -5*i + a + 0*a - 261 = 0. Let j = i + 97. Suppose 5*o - 2*q = 3*q + 75, -3*o + 2*q + j = 0. What is the highest common factor of 60 and o?
15
Let j be 388/5 - (-8)/(-60)*-3. What is the greatest common factor of 26 and j?
26
Suppose 38 = 4*q - d - 37, -d + 85 = 4*q. Suppose 5*h - 432 + 32 = 0. Calculate the greatest common factor of q and h.
20
Let b = 24 - 2. Suppose -2*j = 3*j + 2*i - 159, -3*j + 5*i = -114. Calculate the greatest common divisor of b and j.
11
Suppose 5*h = 6 - 1. Let f be (0 + 1)*45/5. What is the greatest common divisor of f and h?
1
Suppose 0 = -u + 17 + 10. Let r = 18 - 15. What is the greatest common divisor of r and u?
3
Suppose 42 = 4*x + 10. Calculate the greatest common divisor of 72 and x.
8
Let n(k) = k**3 - k + 16. Let g be n(0). Let x be 48/(2*(-9)/(-48)). Calculate the greatest common factor of g and x.
16
Let u(j) = 3*j**2 + j + 1. Let c be ((-6)/(-15))/(2/(-10)). Let y be u(c). What is the greatest common factor of y and 99?
11
Let x(p) be the first derivative of 3*p**2 - p - 2. Let z be x(3). Suppose -347 + 92 = -5*i. What is the highest common divisor of i and z?
17
Suppose -3*q + 0 = -12. Let j be 0*((-6)/q + 1). Let o be 11*(-1 - j)*-18. What is the highest common factor of 18 and o?
18
Let i(r) = -r**3 + 9*r**2 + 8*r + 12. Let h be i(10). Let q be h*2/((-8)/10). Calculate the highest common divisor of 8 and q.
4
Suppose o = -55 + 172. Let p be ((-169)/(-26))/((-2)/(-4)). What is the greatest common factor of p and o?
13
Let r be (3 + -10)*(-7)/(-7). Let o(i) = 1 - i**2 + 2*i**2 + 3*i + 3*i. Let q be o(r). Calculate the highest common factor of q and 12.
4
Let y be (-2)/(-7) - 612/(-63). What is the greatest common divisor of y and 50?
10
Suppose -x + 6 = -21. What is the highest common factor of x and 108?
27
Let q(o) = -10*o**3 + o**2 + o. Let n be q(-1). Calculate the greatest common divisor of n and 90.
10
Suppose -f + 0*f + 280 = 0. Suppose 6*g - 2*g - f = 0. What is the highest common factor of 28 and g?
14
Let x be (-40)/(-15) - (-1)/3. Suppose -2*p + 25 = x*p. Suppose -2*v + 5*j + 34 = 0, -4*v + 8 + 60 = p*j. Calculate the greatest common factor of v and 136.
17
Let u = 1023 - 611. Let z be u/28 + (-8)/(-28). What is the greatest common factor of 60 and z?
15
Let u be ((-16)/(-12))/(-4)*-45. Suppose 69 + u = 6*x. Calculate the highest common divisor of x and 154.
14
Let k(l) = -l - 16. Let u be k(0). Let z be 45/12*u/(-6). Calculate the greatest common divisor of z and 5.
5
Let l(c) = c + 14. Let b be l(-12). Suppose -3*w + 60 = 3*d, b - 18 = -w - 2*d. What is the highest common factor of w and 264?
24
Let l be 174/9*(-12)/(-8). Suppose l = 5*y - 21. Suppose -2*t - 360 = -6*t. What is the greatest common divisor of t and y?
10
Let c = 5 + -11. Let s be (-64)/(-3) + (-4)/c. What is the highest common factor of 11 and s?
11
Suppose 5*c = -34 + 174. What is the highest common factor of c and 4?
4
Let g be 2/(12/(-8) - -2). Calculate the highest common factor of g and 20.
4
Let v(d) = -d**3 - 6*d**2 - 10*d - 13. Let n be v(-5). What is the greatest common factor of 9 and n?
3
Suppose -6 - 8 = -5*h - z, -4*h - 4*z = -24. Suppose -5*l - i - 4*i = -60, 2*i + 8 = h*l. Calculate the highest common divisor of 72 and l.
8
Suppose 4*a - 60 = -0*a - 5*d, 66 = 5*a + 4*d. Let n = 198 - 108. Calculate the greatest common divisor of n and a.
10
Let x = -17 + 161. Calculate the greatest common factor of 18 and x.
18
Suppose -2*v - 76 = 3*u - 2, 0 = 5*u + 5*v + 115. Let x be 3/(-3 + u/(-8)). Let n be 4*(1 + (-1)/2). What is the highest common divisor of x and n?
2
Suppose 0 = 16*t - 15*t - 14. Suppose -2*i + 78 = 4*h, i - 4*h = 33 - 6. Calculate the highest common divisor of i and t.
7
Suppose 0 = 6*z - 0*z - 108. What is the greatest common divisor of z and 45?
9
Suppose -50 = 3*s - 152. Calculate the highest common divisor of s and 340.
34
Let a(x) = -x**3 + 2*x - 1. Let v be a(-2). Let d be 201/2 - v/6. What is the highest common factor of 40 and d?
20
Let o be 9/15 - (-184)/10. Let g be (0 - 6/3) + 112. Suppose -i - 2*j = -0*i - g, 112 = i + j. What is the highest common divisor of i and o?
19
Suppose -3*l - 106 - 83 = 0. Suppose 38 = -x + 9. Let f = x - l. What is the highest common divisor of 51 and f?
17
Suppose 24 = 2*v + 2*t + 4, 5*t + 4 = v. Calculate the highest common divisor of v and 9.
9
Let t = -15 - -26. Let n(u) = -u**3 + 4*u**2 + 2. Let h be n(3). Let d be h - (1 + 3/(-3)). What is the greatest common divisor of t and d?
11
Let p = 25 + -14. Let r(t) = -97*t + 2. Let z be r(-1). What is the greatest common divisor of z and p?
11
Let p be 14/(-49) - 5/7. Let z be p/(-2)*(1 + 1). Calculate the greatest common factor of z and 5.
1
Let z(n) = -14*n + 10. Let r be z(-9). What is the highest common divisor of r and 17?
17
Suppose 5*s - 17 = -u, -s = 3*u + 2*s - 15. Suppose -m + 2*l - 12 = 0, 5*m = 5*l + u - 82. Let d = m - -128. Calculate the highest common divisor of 12 and d.
12
Suppose -4*j = 4*a - 52, 31 = -0*a + 3*a - j. Let s be (-6)/(-39) + (-732)/26. Let w = -6 - s. What is the greatest common factor of a and w?
11
Suppose 1 - 9 = 4*a, -64 = -3*k - 4*a. Calculate the highest common divisor of 12 and k.
12
Let a(i) = -4*i - 26. Let g be a(-17). Calculate the highest common factor of 6 and g.
6
Let h(b) = b + 1. Let k be h(1). Let n(a) = -2*a**3 + k*a**2 - a + 9*a - 4*a + 3. Let m be n(-2). Calculate the highest common factor of 76 and m.
19
Suppose -4*o + 26 = 2*d, 5*o - 40 = -0*o - 4*d. Suppose o*m - 30 = -3*k, -2*k = -m + 6*m - 20. Let t = k - 8. Calculate the highest common divisor of t and 14.
2
Suppose -14 = -5*r + 6. Suppose -r*q + 112 = -2*q. Let p be (28/(-8))/7*-14. Calculate the highest common divisor of p and q.
7
Let u be (-114)/(-8) - 6/24. Let t be (-172)/(-14) - 4/u. Let v(m) = -2*m**3 + 3*m**2 - m. Let z be v(-3). What is the highest common divisor of t and z?
12
Let h be 4 - (0 + (-2)/2). Let p = -31 + 33. Suppose -2*t - p = -0*t, h*r + 3*t = 357. Calculate the highest common divisor of 9 and r.
9
Let v(z) = -z**2 + 7*z + 4. Let m be v(6). What is the highest common factor of m and 100?
10
Suppose -38 - 298 = -3*u + 4*p, -3*p = 2*u - 207. Let z be (0 + 0)/(-1) - -12. What is the highest common divisor of z and u?
12
Let w(j) = j**3 + 7*j**2 + 7*j + 2. Let i be w(-6). Let c be i/(-6)*(5 - -1). Suppose 15 = q + 3. Calculate the highest common factor of q and c.
4
Let a be ((-8)/5)/((-2)/80). Suppose -3*r = 3*w - 30, -5*w = -2*w - 4*r - 16. Calculate the highest common factor of a and w.
8
Let q be 2*(-2)/(8/28). Let b = 15 + q. What is the greatest common factor of b and 8?
1
Let h = 1 + 1. Suppose 0 = -2*t - 4*r - 14, 13 - 3 = -h*r. Suppose -5*v - 2*k = -0*v - 366, 4*v + t*k = 297. Calculate the highest common divisor of v and 9.
9
Let p be (8/(-3))/(30/(-135)). Suppose -2*z - 66 = -x, 4*x - 4*z = -x + 312. What is the greatest common factor of x and p?
12
Suppose -3*r = -2*r + 3*n + 11, 3*r - 5*n - 37 = 0. Let m(d) = 3*d**2 - 3*d. Let a be m(r). Calculate the highest common factor of a and 4.
4
Suppose -5*w + 11 + 19 = 0. Let v(p) = -p**3 - 7*p**2 + 12*p + 8. Let k be v(-9). Let i = k - 14. What is the highest common factor of w and i?
6
Let l(v) = v + 24. Let t be l(-12). Let a = 36 + 12. Calculate the highest common divisor of t and a.
12
Let n(p) = p**3 - 3*p**2 - p + 5. Let v be n(5). Suppose -5*k + j = -2*k - v, -j - 5 = 0. Let c = -7 + k. Calculate the highest common factor of 4 and c.
4
Suppose -7 = -2*w + 41. What is the greatest common d